6 + g. What is the highest common factor of y and k?
14
Let v(q) = -8*q**2 + 109*q + 129. Let u(y) = -2*y**2 + 27*y + 32. Let o(m) = 9*u(m) - 2*v(m). Let k be o(13). Calculate the greatest common factor of k and 1.
1
Suppose v = 1, -c = -4*c - 3*v + 1083. Suppose -10*m + m = -c. Let t = 0 - -8. What is the greatest common divisor of m and t?
8
Suppose -380*w - 17394 - 17006 = -595*w. Let r(x) = 12*x + 4. Let c be r(5). Calculate the highest common factor of c and w.
32
Let v be 3/2 - 115/(-10). Suppose v*k - 10 = 198. Calculate the highest common divisor of 2 and k.
2
Suppose 6*q = 409 + 77 + 162. What is the greatest common divisor of 15 and q?
3
Let a(p) = -2*p**2 - 31*p - 19. Suppose -73 = -2*l + 191. Let d be 7*-1*l/77. Let u be a(d). What is the highest common factor of 39 and u?
13
Let v = -1868 - -2028. What is the highest common factor of 1504 and v?
32
Let n = 119 - -91. Suppose -35891 + 36647 = 27*p. Calculate the greatest common factor of n and p.
14
Suppose g + k = 413, -g + 8*k - 11*k = -413. Let p = g - 392. Calculate the greatest common factor of 168 and p.
21
Suppose 3*r - 6*r + 866 = 2*w, 2*r - 604 = 4*w. Let i = 312 - r. What is the highest common divisor of i and 260?
20
Suppose -381*t = -385*t + 140. Suppose -10 = -4*r + 2*r. What is the highest common factor of r and t?
5
Suppose -8*l + 21 = -l. Suppose -l*u = -185 - 2911. Suppose 3*d = -2*q + 751, 0*d = 4*d - 5*q - u. Calculate the greatest common divisor of 23 and d.
23
Let z be (-38)/((3 - (-54)/(-20))*(-152)/114). Let l be ((-4)/6)/(4/(-114)). Calculate the highest common divisor of z and l.
19
Suppose -40*m + 90*m = 500. Calculate the greatest common divisor of 34 and m.
2
Let b be (-1761)/(-12) - (-2)/8. Let n = 294 + -305. Let f be ((-135)/18 - n)/(2/12). Calculate the highest common factor of b and f.
21
Let u be (-8)/((-48)/30) - 0. Suppose w - 163 - 3 = -2*v, u*w = 2*v + 878. What is the highest common factor of w and 6?
6
Let f be (4/6)/(-6 + 53/9) + 966. Calculate the greatest common divisor of 128 and f.
64
Let q = 6 + 12. Let y(t) = -957*t + 30. Let a be y(-2). Suppose -58*u = -4*u - a. What is the greatest common factor of q and u?
18
Let s(l) = -l**2 - 106*l + 3051. Let o be s(-129). What is the greatest common factor of 1134 and o?
42
Let k(z) = -12*z. Let r(b) = 9*b - 15. Let v be r(2). Suppose -d - 2 = 3*s, v*s = 3*d + 2 + 4. Let x be k(d). What is the highest common factor of 6 and x?
6
Suppose -5*y = 2630*b - 2635*b - 18850, 0 = 4*y - 5*b - 15074. Calculate the highest common factor of y and 59.
59
Suppose 127*l - 88*l = -270*l + 4060260. What is the greatest common factor of l and 10?
10
Let x = -180 - -179. Let t be -26 + 22 - (-10 + (x - -3)). What is the greatest common divisor of t and 172?
4
Let z(t) = 11*t - 39. Suppose 0 = -4*a + 3*a - x + 77, 2*x - 229 = -3*a. Let b = a - 60. Let d be z(b). What is the greatest common divisor of 14 and d?
14
Suppose 3 - 13 = -5*o. Suppose 14 = -w - 4*d, 0 = -4*w - 5*d + 4 - 27. Let a be ((-5)/1)/(3 + -2 + w). Calculate the greatest common divisor of o and a.
1
Let j(u) = 7*u**3 - 14*u**2 + 7*u - 6. Let n be j(2). Suppose -292 = -3*z + 5*c, 0*z = -5*z + 4*c + 504. What is the highest common divisor of z and n?
8
Let n(f) be the third derivative of f**5/20 - 19*f**4/24 - 137*f**3/6 + 2*f**2 - 85. Let v be n(-7). Calculate the greatest common divisor of 44 and v.
11
Let i be (-4 + -1)/(-2 + 1). Let c be 82/6 + -12 + 1/3. Let q be ((-1)/c)/((-11)/44) + i. Calculate the highest common divisor of 56 and q.
7
Suppose 166*c - 878634 = 7*c. What is the greatest common divisor of c and 90?
18
Let w = -10750 + 11923. Calculate the highest common divisor of 255 and w.
51
Let o(m) = -5 + 2*m + 41 + 5. Suppose 0 = -3*p + 5*t - 49, 0 = -t - 2*t - 3. Let d be o(p). Calculate the highest common factor of d and 20.
5
Suppose -3*b - 5*u - 4 = -58, 0 = -2*b - u + 36. Let t(z) = 22 - 34*z + 9 - 15 + 1 + 9. Let d be t(-4). Calculate the highest common divisor of d and b.
18
Suppose 0 = 3*h - 5*p - 407, p + 571 = 38*h - 34*h. Calculate the highest common factor of 900 and h.
36
Suppose 1 = -5*g + 5*a + 6, -4*g = 3*a + 3. Suppose -b + 658 - 550 = g. What is the greatest common divisor of b and 396?
36
Suppose -c - 54 = -2. Suppose -3*r = x + 22 + 60, -x + 2*r = 57. Let p = c - x. Calculate the highest common divisor of 15 and p.
15
Suppose -9 + 4 = -x. Suppose -s = 3*z - z + x, 4*s = -4*z. Calculate the greatest common factor of 20 and s.
5
Let f(p) = p**2 - 31*p - 511. Let l be f(-48). Calculate the greatest common divisor of 34 and l.
17
Let w(j) = 4*j + 3. Let v = 13 - 28. Let k be (-25)/(-4) - v/20. Let o be w(k). What is the highest common divisor of 155 and o?
31
Suppose -57*v + 84*v = 14175. Calculate the greatest common divisor of v and 150.
75
Let j(g) = -g**2 + 10*g - 11. Let h be j(7). Suppose a + 0 = -h. Let k(x) = -11*x - 8. Let z be k(a). Calculate the greatest common divisor of 34 and z.
34
Let z(n) = -n**3 + 22*n**2 + 235*n - 34. Let g be z(-8). Let s(l) = -2*l + 24. Let t be s(-11). Calculate the highest common factor of g and t.
2
Suppose -10 = -3*m + 5*n, -n - 22 - 1 = -2*m. What is the highest common divisor of m and 93?
3
Let z be 1014/117*(-2)/4*(4 + -7). Calculate the highest common divisor of z and 27157.
13
Suppose 30*b - 965 = -5. Calculate the highest common divisor of b and 11.
1
Let m = 2 + 3. Let p(q) = -81*q. Let z be p(-3). Suppose m*o + 4*y - 1661 + z = 0, 5*o = -y + 1427. Calculate the greatest common factor of 26 and o.
26
Let v(h) = -9*h**2 + 106*h - 73. Let g be v(11). What is the highest common factor of g and 912?
4
Let p(l) = -l + 28. Let u be p(18). Let f be 33/(-7) + u/(-35). Let n = -1 - f. What is the highest common factor of 4 and n?
4
Let k be (1 - -6064) + (-101)/((-202)/(-12)). Calculate the highest common factor of 83 and k.
83
Suppose 0 = -2*a - 5*c + 37, 0 = -24*a - 5*c + 277 + 222. Calculate the highest common divisor of 2527 and a.
7
Let l be ((-24)/(-14))/(91/49 - 2). Let j be ((-2)/(-3))/(l*(-4)/2664). What is the greatest common divisor of 925 and j?
37
Suppose 5*a = 3*a + 12. Suppose -a*z = -2*z - 104. Suppose -74*o - 287*o = 4*o - 23725. Calculate the highest common divisor of o and z.
13
Suppose 0 = -11*k + 6*k - 25, 3*h + 4*k = -8. Suppose 0 = -w - 5*i + 130, -h*w - 3*i = -6*i - 566. Calculate the greatest common factor of 20 and w.
20
Suppose -4*x - 19*a = -16*a - 1783, a = 5*x - 2243. Suppose 0 = 2*o - l - x + 55, 3*o - 4*l - 602 = 0. What is the highest common factor of 2 and o?
2
Suppose 9 = -3*j, 5*r - 3*r + 2*j - 232 = 0. Suppose -b + 33 = 5*t + 3, 24 = 2*t - 2*b. What is the highest common factor of t and r?
7
Suppose -9*w - 41 = -10*w. Suppose -w*o = -993 - 155. Calculate the greatest common factor of 7 and o.
7
Let w be (129 - 2) + (2/(-5) - (-174)/(-290)). Calculate the greatest common factor of w and 266.
14
Let u be 2/(-6) - (-228)/9. Let i = 119 + -139. Let z be (-762)/(-30) - (-8)/i. What is the highest common divisor of u and z?
25
Let m(l) = l**3 - 23*l**2 - 23*l + 22. Let y be m(23). Let k = 705 + y. Calculate the highest common factor of k and 36.
18
Let z(h) = 22*h**2 + 27*h + 50. Let v be z(-2). Suppose 4*i = 6*i + 6, -4*s + 54 = -2*i. What is the highest common factor of v and s?
12
Suppose 11 + 45 = 4*t. Suppose 3*p + 3408 = -3*d + 882, 3*d - 5016 = 6*p. Let v = -796 - p. Calculate the greatest common factor of v and t.
14
Let v = 4408 - 4342. Calculate the highest common factor of v and 174.
6
Let c = -18 + -32. Let g = -177 - -232. Let x = g + c. What is the highest common factor of 20 and x?
5
Let q be (4/(-2))/((-16)/2)*20. Let d = -7 + 7. Suppose -q*i + 15 = -d. Calculate the highest common factor of 6 and i.
3
Let l(o) = 2*o**2 - 146. Let j be l(13). Calculate the greatest common factor of 512 and j.
64
Suppose 0 = 14*z - 329 - 21. Let h(k) = 8*k - 5. Let y be 1/(117/(-30) + 4). Let t be h(y). What is the highest common factor of z and t?
25
Let r be (1 - -781)*3/6. Let s = 24935 - 24918. What is the greatest common factor of r and s?
17
Let w be (-44)/(-5)*20/8 + 4. Let n = w - -37. What is the greatest common divisor of n and 14?
7
Let t(d) = -54*d**3 - d**2 - d. Let k = -46 + 45. Let o be t(k). Suppose -19 = 5*r - 2*s - 59, 5*s = 5*r - 55.